{"id":60,"date":"2025-07-22T18:19:02","date_gmt":"2025-07-22T16:19:02","guid":{"rendered":"https:\/\/cms3.gewerbeverein-marktleuthen.de\/?page_id=60"},"modified":"2026-04-10T20:54:20","modified_gmt":"2026-04-10T18:54:20","slug":"aktuelle-mitglieder","status":"publish","type":"page","link":"https:\/\/cms3.gewerbeverein-marktleuthen.de\/?page_id=60","title":{"rendered":"Aktuelle Mitglieder"},"content":{"rendered":"\n<figure class=\"wp-block-table alignwide\"><table class=\"has-fixed-layout\"><tbody><tr><td><strong>Autohaus Brunke\/<br>M\u00fchlgasse 10<br>95168 Marktleuthen<br><\/strong><\/td><td>Jochen Brunke<br>R\u00fcdiger Brunke<\/td><td>Tel. <a href=\"#\">09285\/1505<\/a><br>Fax. <a href=\"#\">09285\/8118<\/a><\/td><td><a href=\"https:\/\/www.ford-brunke-marktleuthen.de\/\" target=\"_blank\" rel=\"noreferrer noopener\">https:\/\/www.ford-brunke-marktleuthen.de<\/a><\/td><\/tr><tr><td><strong>Aktiv Urlaub Burak e.K.&nbsp; Br\u00fcckenstra\u00dfe 4<br>95168 Marktleuthen<\/strong><\/td><td>&nbsp;Thomas Burak<\/td><td>Tel. 09285\/9611964<\/td><td><a href=\"https:\/\/aktiv-urlaub-burak.de\/\">https:\/\/aktiv-urlaub-burak.de\/<\/a> <a href=\"https:\/\/www.facebook.com\/AktivUrlaubBurak\/\">https:\/\/www.facebook.com\/AktivUrlaubBurak\/<\/a><\/td><\/tr><tr><td><strong>Apotheke-Marktleuthen<\/strong><br><strong>Humboldtstr. 10&nbsp;<br>95168 Marktleuthen<\/strong><\/td><td>Cornelia Thoma<\/td><td>Tel. <a href=\"#\">09285-480<\/a><br>Fax: <a href=\"#\">09285-8238<\/a><\/td><td><a href=\"http:\/\/www.apotheke-marktleuthen.de\/\" target=\"_blank\" rel=\"noreferrer noopener\">www.apotheke-marktleuthen.de<\/a><\/td><\/tr><tr><td><strong>Bezirkskaminkehrermeister<br>Ralf Gr\u00f6bner<br>Am Jurablick 11<br>95512 Neudrossenfeld<br><\/strong><\/td><td>Ralf Gr\u00f6bner<\/td><td>Tel. <a href=\"#\">09203-973195<\/a> Mobil: <a href=\"#\">0175 \/ 2456849<\/a><\/td><td><a href=\"http:\/\/www.schornsteinfeger-ralf-groebner.de\" target=\"_blank\" rel=\"noreferrer noopener\">www.schornsteinfeger-ralf-groebner.de<\/a><\/td><\/tr><tr><td><strong>CSU Ortsverband<br>Kleing\u00e4\u00dflein<br>95168 Marktleuthen<\/strong><\/td><td>Christoph Haas<\/td><td>Tel.&nbsp;09285\/435<\/td><td><a href=\"http:\/\/www.csu-marktleuthen.de\">www.csu-marktleuthen.de<\/a><\/td><\/tr><tr><td><strong>D-Connect GmbH<br>Humboldtstra\u00dfe 18<br>95168 Marktleuthen<\/strong><\/td><td>&nbsp;Patrick Fritsch<\/td><td>&nbsp;Tel. 09285\/4729970<\/td><td><a href=\"https:\/\/dconnect.de\/\">https:\/\/dconnect.de\/<\/a><\/td><\/tr><tr><td><strong>Dekost\u00fcberl Rostalgie<br>Hebanz 1<br>95168 Marktleuthen<\/strong><\/td><td>Susanne Marth<\/td><td>Tel.<a href=\"#\"> 09235\/967267<\/a><\/td><td><a href=\"https:\/\/dekostueberl.com\/\">https:\/\/dekostueberl.com\/<\/a> <br><a href=\"https:\/\/www.facebook.com\/Dekost%C3%BCberl-1802314366500928\/\">https:\/\/www.facebook.com\/Dekost%C3%BCberl-1802314366500928\/<\/a><br><a href=\"https:\/\/www.instagram.com\/dekostueberl.rostalgie\/\">https:\/\/www.instagram.com\/dekostueberl.rostalgie\/<\/a><\/td><\/tr><tr><td><strong>Der Schreiner am Markt<br>Marktplatz 14<br>95168 Marktleuthen<br><\/strong><\/td><td>Thomas Zinner<\/td><td>Tel. <a href=\"#\">09285\/913788<\/a><br>Fax. <a href=\"#\">09285\/913799<\/a><\/td><td><a href=\"http:\/\/www.der-schreiner-am-markt.de\">www.der-schreiner-am-markt.de<\/a><\/td><\/tr><tr><td><strong>DF Elektrotechnik GmbH Bahnhofstrasse 31<br>95168 Marktleuthen<\/strong><\/td><td>J\u00f6rg Friedrich<\/td><td>Tel.&nbsp;<a href=\"#\">09285\/5915<\/a><\/td><td><a href=\"http:\/\/www.dfe-gmbh.de\" target=\"_blank\" rel=\"noreferrer noopener\">www.dfe-gmbh.de<\/a><\/td><\/tr><tr><td><strong>Elektro-Denninger<br>Bahnhofstrasse 31<br>95168 Marktleuthen<br><\/strong><\/td><td>Roswitha Denninger<\/td><td>&nbsp;<\/td><td><strong>Geschlossen<\/strong><\/td><\/tr><tr><td><strong>Fahrschule Rennhack<br>Martin-Luther-Strasse 1<br>95168 Marktleuthen<\/strong><\/td><td>Alfred Rennhack<\/td><td>Tel. <a href=\"#\">09285\/5324<\/a><\/td><td>&nbsp;<strong>Geschlossen<\/strong><\/td><\/tr><tr><td><strong>Gasthaus Benker<br>Habnith 2<br>95168 Marktleuthen<\/strong><\/td><td>&nbsp;<\/td><td>Tel.&nbsp;09285\/218<\/td><td>&nbsp;<\/td><\/tr><tr><td><strong>GT-Buchhaltungs-Service<br>Thorsten Gamm<br>Breitenbrunner Stra\u00dfe 10<br>95632 Wunsiedel<\/strong><\/td><td>Thorsten Gamm<\/td><td>Tel.: <a href=\"#\">09232\/70874<\/a><br>Fax: <a href=\"#\">09232\/9155690<\/a><\/td><td><a href=\"http:\/\/www.gt-buchhaltung.de\" target=\"_blank\" rel=\"noreferrer noopener\">www.gt-buchhaltung.de<\/a><\/td><\/tr><tr><td><strong>Gasthof Aulinger<br>Lindenweg 18<br>95168 Marktleuthen<br><\/strong><\/td><td>Max Schmid<\/td><td>Tel. <a href=\"#\">09285\/1266<\/a><br>Fax. <a href=\"#\">09285\/6486<\/a><\/td><td>&nbsp;<strong>Geschlossen<\/strong><\/td><\/tr><tr><td><strong>Gebhardt Ger\u00fcstbau<br>Hebanz 37<br>95618 Marktleuthen<br><\/strong><\/td><td>Stefan Gebhardt<\/td><td>Tel. <a href=\"#\">09235\/96663<\/a><br>Fax. <a href=\"#\">09235\/96664<\/a><\/td><td>&nbsp;<a href=\"http:\/\/www.geruestbau-gebhardt.de\">www.geruestbau-gebhardt.de<\/a><\/td><\/tr><tr><td><strong>Gertrud Krollikowsky<br>Bahnhofstr. 54<br>95618 Marktleuthen<br><\/strong><\/td><td>Gertrud Krollikowsky<\/td><td>&nbsp;<\/td><td>&nbsp;<strong>Geschlossen<\/strong><\/td><\/tr><tr><td><strong>Arno&nbsp;Goldschadt<br>Kellergasse 8<br>95168 Marktleuthen<\/strong><\/td><td>Arno Goldschadt<\/td><td>Tel. <a href=\"#\">09285\/354<\/a><\/td><td>&nbsp;<\/td><\/tr><tr><td><strong>Heilpraktikerin<br>Regina Oesterle Karolinenhain 5<\/strong><br><strong>95168 Marktleuthen<\/strong><\/td><td>Regina Oesterle<\/td><td>Tel.<a href=\"#\">09285\/913788<\/a><\/td><td>&nbsp;<\/td><\/tr><tr><td><strong>Heizung Sanit\u00e4r Hermann<br>Unterer Markt 2<br>95168 Marktleuthen<br><\/strong><\/td><td>Klaus Hermann<\/td><td>&nbsp;<\/td><td><strong>Geschlossen<\/strong>&nbsp;<\/td><\/tr><tr><td><strong>Hofladen Ritter<br>Badegasse 2-4<br>95168 Marktleuthen<br><\/strong><\/td><td>Herta Ritter<\/td><td>Tel. <a href=\"#\">09285\/1743<\/a><br>Fax. <a href=\"#\">09285\/1743<\/a><\/td><td>&nbsp;<\/td><\/tr><tr><td><strong>Kuhn\u00b4s Backstube<br>Martin-Luther-Str. 4<br>95168 Marktleuthen<br><\/strong><\/td><td>Tobias Kuhn<\/td><td>Tel: <a href=\"#\">09285\/1634<\/a><br>Fax:<a href=\"#\">09285\/913264<\/a><\/td><td><a href=\"https:\/\/www.facebook.com\/Kuhns-Backstube-208284359371767\/\">https:\/\/www.facebook.com\/Kuhns-Backstube-208284359371767\/<\/a>&nbsp;<\/td><\/tr><tr><td><strong>MM-Kfz<br>Humboldstr. 11,<br>95168 Marktleuthen<\/strong><\/td><td>Inhaber:<br>R\u00f6dig Matthias, Schimpf Michael<\/td><td>Tel: <a href=\"#\">09285\/9619722<\/a><\/td><td><a href=\"http:\/\/www.mm-kfz.de\">www.mm-kfz.de<\/a><\/td><\/tr><tr><td><strong>Maler D. Sommerer<br>Nelkenweg 8<br>95195 R\u00f6slau<\/strong><\/td><td>Dieter Sommerer<\/td><td>Telefon <a href=\"#\">(0 92 38) 1565<\/a><br>Telefax <a href=\"#\">(0 92 38) 990178<\/a><br>Mobil <a href=\"#\">(0171) 9549345<\/a><\/td><td><a href=\"http:\/\/www.maler-sommerer.de\">www.maler-sommerer.de<\/a><\/td><\/tr><tr><td><strong>Menzel Schreinerei-Innenausbau<br>Siemensstrasse 1<br>95168 Marktleuthen<br><\/strong><\/td><td>Karlheinz Menzel<\/td><td>Tel. <a href=\"#\">09285\/1851<\/a><br>Fax: <a href=\"#\">09285\/1513<\/a><\/td><td><a href=\"http:\/\/www.schreinerei-menzel.de\/\" target=\"_blank\" rel=\"noreferrer noopener\">www.schreinerei-mentzel.de<\/a><\/td><\/tr><tr><td><strong>Metzgerei Steinel<br>Martin-Luther-Strasse 33<br>95168 Marktleuthen<br><\/strong><\/td><td>Robert Steinel<\/td><td>Tel. <a href=\"#\">09285\/1696<\/a><\/td><td>&nbsp;<a href=\"https:\/\/www.facebook.com\/Metzgerei-Steinel-297027963812054\">https:\/\/www.facebook.com\/Metzgerei-Steinel-297027963812054<\/a><\/td><\/tr><tr><td><strong>Mineralien und Schmuck M\u00fcller<br>Forststrasse 6<br>95168 Marktleuthen<br><\/strong><\/td><td>Thomas M\u00fcller<\/td><td>Tel. <a href=\"#\">09285\/7155<\/a><\/td><td>&nbsp;<\/td><\/tr><tr><td><strong>Mobiler Pflegedienst J\u00e4ndl GbR<br>Martin-Luther-Stra\u00dfe 22&nbsp;<br>95168 Marktleuthen<br><\/strong><\/td><td>Johann Marcel J\u00e4ndl<\/td><td>Tel. <a href=\"#\">09285 968180<\/a> Tel:&nbsp;<a href=\"#\">09285 4729950<\/a><\/td><td><a href=\"https:\/\/pflegedienst-jaendl.de\" target=\"_blank\" rel=\"noreferrer noopener\">www.pflegedienst-jaendl.de<\/a> &nbsp;<\/td><\/tr><tr><td><strong>Mode vom Meister &#8211; Ma\u00dfschneiderei<br>Egerstrasse 12<br>95168 Marktleuthen<br><\/strong><\/td><td>Marion Kral<\/td><td>Tel. <a href=\"#\">09285\/5764<\/a><\/td><td><a href=\"https:\/\/www.facebook.com\/ModeVomMeister\">https:\/\/www.facebook.com\/ModeVomMeister<\/a>&nbsp; <a href=\"https:\/\/www.instagram.com\/modevommeister\/\">https:\/\/www.instagram.com\/modevommeister\/<\/a><\/td><\/tr><tr><td><strong>M\u00fchlhans Elektrotechnik GmbH<\/strong><br><strong>\u00dcberbruck 27b<\/strong><br><strong>95168 Marktleuthen<\/strong><\/td><td>Gerhard M\u00fchlhans<\/td><td>Tel. <a href=\"index.php\/mitglieder\">09285\/968964-0<\/a><br>Fax. <a href=\"index.php\/mitglieder\">09285\/968964-9<\/a><\/td><td><a href=\"http:\/\/www.m\u00fchlhans.de\/\" target=\"_blank\" rel=\"noreferrer noopener\">www.muehlhans.de<\/a><\/td><\/tr><tr><td><strong>Natursteine Polster<br>Habnith 37<br>95168 Marktleuthen<br><\/strong><\/td><td>Norbert Kaestner<\/td><td>Tel. <a href=\"#\">09285\/270<\/a><br>Fax. <a href=\"#\">09285\/1382<\/a><\/td><td><a href=\"http:\/\/www.polster-granit.de\" target=\"_blank\" rel=\"noreferrer noopener\">www.polster-granit.de<\/a><\/td><\/tr><tr><td><strong>Orthop\u00e4die Fachhandel<br>Sperschneider<br>K\u00f6nigstra\u00dfe 17<br>95028 Hof<\/strong><\/td><td>J\u00f6rg Sperschneider<\/td><td>Tel.&nbsp;092 81-3030<br>Fax.&nbsp;092 81-16975<\/td><td><a href=\"http:\/\/www.sperschneider-hof.de\/\" target=\"_blank\" rel=\"noreferrer noopener\">www.sperschneider-hof.de<\/a><\/td><\/tr><tr><td><strong>Papeterie Lotto Totto<br>Wunsiedler Stra\u00dfe 1<br>95168 Marktleuthen<\/strong><\/td><td>Johanna de Waele<\/td><td><\/td><td>\u00a0<strong>Geschlossen<\/strong>\u00a0<\/td><\/tr><tr><td><strong>Physiotherapie Burak<br>Br\u00fcckenstrasse 4<br>95168 Marktleuthen<br><\/strong><\/td><td>Thomas Burak<\/td><td>Tel. <a href=\"#\">09285\/5692<\/a><br>Fax. <a href=\"#\">09285\/913245<\/a><\/td><td><a href=\"http:\/\/physio-burak.de\" target=\"_blank\" rel=\"noreferrer noopener\">http:\/\/physio-burak.de<\/a><\/td><\/tr><tr><td><strong>Physiotherapie +<br>Krankengymnastik Hering<br>Marktplatz 20<br>95168 Marktleuthen<br><\/strong><\/td><td>Melanie Hering<\/td><td>Tel. <a href=\"#\">09285\/6633<\/a><\/td><td><a href=\"https:\/\/www.facebook.com\/Physiotherapie.Dember\">https:\/\/www.facebook.com\/Physiotherapie.Dember<\/a><\/td><\/tr><tr><td><strong>Podologische Fu\u00dfpflege<br>Judith Hegner<br>Humboldtstra\u00dfe 9<br>95168 Marktleuthen<\/strong><\/td><td>Judith Hegner<\/td><td>Tel. 09285\/5853<\/td><td>&nbsp;<\/td><\/tr><tr><td><strong>Reiterst\u00fcberl Gro\u00dfwendern<br>Gro\u00dfwendern<br>95168 Marktleuthen<br><\/strong><\/td><td>Andrea Habres<\/td><td>Tel. <a href=\"#\">09285\/1060<\/a><br>Fax. <a href=\"#\">09285\/1060<\/a><\/td><td><a href=\"https:\/\/www.facebook.com\/Reiterst%C3%BCberl-Gro%C3%9Fwendern-286796365155381\">https:\/\/www.facebook.com\/Reiterst%C3%BCberl-Gro%C3%9Fwendern-286796365155381<\/a>&nbsp;<\/td><\/tr><tr><td><strong>Rotsching GmbH<br>Oberwei\u00dfenbach 70A<br>95100 Selb<br><\/strong><\/td><td>Michael Rotsching<\/td><td>Tel.<a href=\"#\"> 0 9287 \/ 7 72 92<\/a><\/td><td><a href=\"http:\/\/www.rotsching.de\" target=\"_blank\" rel=\"noreferrer noopener\">www.rotsching.de<\/a><\/td><\/tr><tr><td><strong>Schreinerei GKL<br>Hofer Str. 4<br>95168 Marktleuthen<\/strong><\/td><td>Armin Kusserow<br>Wolfgang G\u00e4rtner<\/td><td>Tel: <a href=\"#\">09285\/968302<\/a><br>Fax <a href=\"#\">09285\/968368<\/a><\/td><td><a href=\"http:\/\/www.schreinerei-gkl.de\" target=\"_blank\" rel=\"noreferrer noopener\">www.schreinerei-gkl.de<\/a><\/td><\/tr><tr><td><strong>Schuh&amp;Sport Eck<br>Marktplatz 4<br>95168 Marktleuthen<br><\/strong><\/td><td>Werner Sonntag<\/td><td>Tel. <a href=\"#\">09285\/435<\/a><\/td><td>nur Online <br><a href=\"http:\/\/www.gute-schuhe.com\" target=\"_blank\" rel=\"noreferrer noopener\">www.gute-schuhe.com<\/a><\/td><\/tr><tr><td><strong>Sportshop Sch\u00e4dlich<br>Drosselweg 2<br>95168 Marktleuthen<br><\/strong><\/td><td>Bernd Sch\u00e4dlich<\/td><td>&nbsp;<\/td><td>&nbsp;<strong>Geschlossen<\/strong><\/td><\/tr><tr><td><strong>Taxi Sieber<br>An der Rollbahn 3<br>95168 Marktleuthen<br><\/strong><\/td><td>Peter Sieber<\/td><td>Tel.<a href=\"#\"> 09285\/6611<\/a><br>Fax. <a href=\"#\">09285\/913648<\/a><\/td><td><a href=\"https:\/\/www.facebook.com\/mietautosieber\" target=\"_blank\" rel=\"noreferrer noopener\">www.facebook.com\/mietautosieber<\/a><\/td><\/tr><tr><td><strong>Textilreinigung Benker<br>F\u00e4rbergasse 8<br>95168 Marktleuthen<br><\/strong><\/td><td>Franz Benker<\/td><td>&nbsp;<\/td><td>&nbsp;<strong>Geschlossen<\/strong><\/td><\/tr><tr><td><strong>Virtueller Verlag art of arts<br>Schlupfenweg 30<br>95168 Marktleuthen<\/strong><\/td><td>Frederic Bartl&nbsp;<\/td><td>Tel. <a href=\"#\">09285\/9686973<\/a><\/td><td><a href=\"http:\/\/www.artofarts.de\/\" target=\"_blank\" rel=\"noreferrer noopener\">www.artofarts.de<\/a><\/td><\/tr><tr><td><strong>Werbung und Marketing Hammerm\u00fcller<br>Erlenstra\u00dfe 4<br>95168 Marktleuthen<\/strong><\/td><td>Erik Hammerm\u00fcller<\/td><td>Tel. <a href=\"#\">09285\/9689940<\/a><\/td><td><a href=\"http:\/\/www.hammermueller.com\/\" target=\"_blank\" rel=\"noreferrer noopener\">www.hammermueller.com<\/a><\/td><\/tr><tr><td><strong>ZINNER InsektenSchutzGitter<br>Marktplatz 14<br>95168 Marktleuthen<br><\/strong><\/td><td>Christian Zinner<\/td><td>Tel. <a href=\"#\">09285\/913877<\/a><br>Fax. <a href=\"#\">09285\/913888<\/a><\/td><td><a href=\"http:\/\/www.zinner-insektenschutzgitter.de\" target=\"_blank\" rel=\"noreferrer noopener\">www.zinner-insektenschutzgitter.de<\/a><\/td><\/tr><\/tbody><\/table><\/figure>\n","protected":false},"excerpt":{"rendered":"<p>Autohaus Brunke\/M\u00fchlgasse 1095168 Marktleuthen Jochen BrunkeR\u00fcdiger Brunke Tel. 09285\/1505Fax. 09285\/8118 https:\/\/www.ford-brunke-marktleuthen.de Aktiv Urlaub Burak e.K.&nbsp; Br\u00fcckenstra\u00dfe 495168 Marktleuthen &nbsp;Thomas Burak Tel. 09285\/9611964 https:\/\/aktiv-urlaub-burak.de\/ https:\/\/www.facebook.com\/AktivUrlaubBurak\/ Apotheke-MarktleuthenHumboldtstr. 10&nbsp;95168 Marktleuthen Cornelia Thoma Tel. [&hellip;]<\/p>\n","protected":false},"author":1,"featured_media":0,"parent":0,"menu_order":0,"comment_status":"closed","ping_status":"closed","template":"","meta":{"_EventAllDay":false,"_EventTimezone":"","_EventStartDate":"","_EventEndDate":"","_EventStartDateUTC":"","_EventEndDateUTC":"","_EventShowMap":false,"_EventShowMapLink":false,"_EventURL":"","_EventCost":"","_EventCostDescription":"","_EventCurrencySymbol":"","_EventCurrencyCode":"","_EventCurrencyPosition":"","_EventDateTimeSeparator":"","_EventTimeRangeSeparator":"","_EventOrganizerID":[],"_EventVenueID":[],"_OrganizerEmail":"","_OrganizerPhone":"","_OrganizerWebsite":"","_VenueAddress":"","_VenueCity":"","_VenueCountry":"","_VenueProvince":"","_VenueState":"","_VenueZip":"","_VenuePhone":"","_VenueURL":"","_VenueStateProvince":"","_VenueLat":"","_VenueLng":"","_VenueShowMap":false,"_VenueShowMapLink":false,"footnotes":""},"class_list":["post-60","page","type-page","status-publish","hentry"],"_links":{"self":[{"href":"https:\/\/cms3.gewerbeverein-marktleuthen.de\/index.php?rest_route=\/wp\/v2\/pages\/60","targetHints":{"allow":["GET"]}}],"collection":[{"href":"https:\/\/cms3.gewerbeverein-marktleuthen.de\/index.php?rest_route=\/wp\/v2\/pages"}],"about":[{"href":"https:\/\/cms3.gewerbeverein-marktleuthen.de\/index.php?rest_route=\/wp\/v2\/types\/page"}],"author":[{"embeddable":true,"href":"https:\/\/cms3.gewerbeverein-marktleuthen.de\/index.php?rest_route=\/wp\/v2\/users\/1"}],"replies":[{"embeddable":true,"href":"https:\/\/cms3.gewerbeverein-marktleuthen.de\/index.php?rest_route=%2Fwp%2Fv2%2Fcomments&post=60"}],"version-history":[{"count":4,"href":"https:\/\/cms3.gewerbeverein-marktleuthen.de\/index.php?rest_route=\/wp\/v2\/pages\/60\/revisions"}],"predecessor-version":[{"id":116,"href":"https:\/\/cms3.gewerbeverein-marktleuthen.de\/index.php?rest_route=\/wp\/v2\/pages\/60\/revisions\/116"}],"wp:attachment":[{"href":"https:\/\/cms3.gewerbeverein-marktleuthen.de\/index.php?rest_route=%2Fwp%2Fv2%2Fmedia&parent=60"}],"curies":[{"name":"wp","href":"https:\/\/api.w.org\/{rel}","templated":true}]}}